ctors of c?
17, 191
Let v = 1033 - 1838. List the prime factors of (23 - v) + 1 + 2.
3, 277
Suppose -o - 4*z = 52, 0 = -o + 3*z - 2*z - 52. Let r = 402 + -228. Let p = o + r. What are the prime factors of p?
2, 61
Let u be (2/(-5))/(4 - 562/140). Suppose u*r - 20370 = -2*r. List the prime factors of r.
7, 97
Suppose 24*c = -39*c + 28*c + 905100. List the prime factors of c.
2, 3, 5, 431
List the prime factors of 186366/4 + 7/4*284/994.
2, 7, 13
Let l(z) be the third derivative of 25*z**4/24 - 55*z**3/3 + 60*z**2. What are the prime factors of l(25)?
5, 103
Suppose 0 = -2*a - 5*v - 912, a = -4*a + 4*v - 2247. Let n = a - -642. List the prime factors of n.
191
Let i(c) = 10*c - 3. Let k be i(2). Let x = -584 + 582. List the prime factors of (k + 69)*x*(-1)/2.
2, 43
What are the prime factors of (-8 + 38/5 - (-9665)/100)*16?
2, 5, 7, 11
Let j = 70427 - 20628. List the prime factors of j.
19, 2621
Let a be 6*3/117 - 126/(-26). Suppose 2*w - l - 150 = 65, a*w + 2*l = 515. List the prime factors of w.
3, 5, 7
Suppose -11*z = -2*z + 18. What are the prime factors of (0 - 6/3)/(z/290)?
2, 5, 29
Suppose 2*m - 4*m + 1274 = 2*w, 2*w = -6. Let a = m + -156. List the prime factors of a.
2, 11
Suppose -v = -3*h + 17066 - 4338, -3*v + 12720 = 3*h. What are the prime factors of h?
2, 3, 7, 101
What are the prime factors of 4032708/86 + 286/6149?
2, 19, 617
Let b be (-30)/(310/30 - 10). Let x = -7 + 4. List the prime factors of b/(-24)*x*(-84)/9.
3, 5, 7
Let f = -18 + 22. Suppose 0 = f*d - y - 7, 4*d + 1 = -y + 2. Suppose -u = -d, -2*h + 250 = -3*u - u. List the prime factors of h.
127
List the prime factors of (-3372)/18*-11 - (-1)/3.
3, 229
Suppose 0 = 4*i - h - 64925, -29*h - 81160 = -5*i - 27*h. What are the prime factors of i?
2, 3, 5, 541
Let k = 15 - 74. Suppose -2*a + v = -6*a + 323, v = 3*a - 251. Let p = k + a. What are the prime factors of p?
23
Suppose -4 = -y + 2*j, -5*y + 3*j = -2*j - 10. Let u(x) = -x**3 + 2*x + 3. Let w be u(y). Suppose 0 = w*s - 53 - 1. What are the prime factors of s?
2, 3
Let m = 24 - 22. Suppose m*x = -2*x - 4*v + 208, 3*v - 12 = 0. List the prime factors of (-9)/4*(-1664)/x.
2, 3, 13
Suppose 2512 = -2*i - a, -i + 2508 = -3*i - 3*a. Let f = -785 - i. Suppose f = 2*o + 6*o. List the prime factors of o.
59
List the prime factors of 95/(-19) - 213664/(-22).
17, 571
Let f(o) = 41*o**2 - 624*o - 160. What are the prime factors of f(31)?
101, 197
Suppose 131*q = 2*q - 9*q + 2995428. List the prime factors of q.
2, 10853
Let v be 425/136 - (-1)/(-8). Suppose 4*j = -c + 1714 + 303, 3*j = -v*c + 1515. What are the prime factors of j?
2, 3, 7
Let s(u) = 1987*u + 1628. What are the prime factors of s(5)?
31, 373
Suppose -37*h + 116955 = 8*h. List the prime factors of h.
23, 113
Suppose 3*y - 2*d - 186 - 91 = 0, 0 = 3*y + 2*d - 269. What are the prime factors of (-2)/7 - (-29783)/y?
3, 109
Suppose -131 = 3*h + 2*i, -3*h - 5 - 140 = -5*i. Let x = 45 + h. Suppose -2*j = -4*m + 126, -j + 2 - 3 = x. List the prime factors of m.
31
Suppose 5*z - 16180 = -5*x, 0 = -5*z + 7*x - 3*x + 16171. Suppose 5*a - z = -1255. What are the prime factors of a?
2, 3, 11
Let u(r) = 2*r**2 - 5*r - 13. Let b be u(0). Let s = b - -19. Let h(p) = 7*p**2 - 9*p + 15. List the prime factors of h(s).
3, 71
Let r(m) be the second derivative of -m**4/12 - 8*m**3/3 + 17*m**2/2 - 13*m. Let h be r(-17). What are the prime factors of 41/1 + h/2?
41
Suppose -8*u - 3 + 11 = 0. Let n be (u + -1)*2*(-7)/28. Suppose 3*z + 2*y + 52 - 394 = n, -y + 345 = 3*z. List the prime factors of z.
2, 29
Let k(y) = -42*y + 45. Let u be k(4). Let i = u + 153. Suppose 0 = -26*p + i*p - 232. What are the prime factors of p?
2, 29
Suppose 0 = -14*t - t. Suppose t = -35*i + 259 + 686. List the prime factors of i.
3
Suppose -117*j + 93*j - 392324 = -2172092. What are the prime factors of j?
3, 19, 1301
Suppose -5*l + 44525 + 14807 = 2*k, l = 5*k - 148249. List the prime factors of k.
149, 199
Suppose -4*t - 2786 = -w - 24213, 16094 = 3*t + 4*w. What are the prime factors of t?
2, 3, 19, 47
What are the prime factors of 6159 + 0 - ((-48)/6 + 8)?
3, 2053
Suppose -10*a - 6*a - 1232 = 0. Let t = a + 155. What are the prime factors of t?
2, 3, 13
Let u(j) = -3*j + 19. Let c be u(5). Suppose -y = -2*r - 355, 11*r - 16*r - 1435 = -c*y. What are the prime factors of y?
5, 73
List the prime factors of (-2214835)/(-30) - (-7)/168*4.
2, 18457
Suppose -5*r - 17*j + 39140 = -20*j, 3*r - 23450 = -5*j. What are the prime factors of r?
5, 313
Suppose 3*t - 7*t = -72. List the prime factors of 1526/t + (-6)/(-27).
5, 17
Let z(q) = 218*q**2 - 29*q - 112. Let f be z(-4). What are the prime factors of f/(-10)*(110/(-20) - -3)?
3, 97
Let c(g) = -23*g**2 + 1873*g + 48. List the prime factors of c(24).
2, 3, 7
Suppose 4*r = 16, -r = -2*t + 4*r - 12. Suppose 5*k = -4*a + 201, -31*a + 27*a = t*k - 204. What are the prime factors of a?
2, 3
Let h be (-28)/(-6) - -3*4/(-18). Suppose a - 5*m = 195, -h*a = -m + 2*m - 885. What are the prime factors of a?
2, 5, 11
Let n be -7 - (6/(-1) + 3). Let r be -4 + n + 8 + 11. Let w = 49 + r. List the prime factors of w.
2, 3, 5
Let l(b) = -b**3 + 17*b**2 - 19*b - 2. Let q be l(16). Let g = 49 + q. List the prime factors of g/(-5) - 282/(-15).
19
Let s = 3972 + 4553. What are the prime factors of s?
5, 11, 31
Suppose 0 = -2*l - 2, g - 3*l - 5316 = 2609. What are the prime factors of g?
2, 17, 233
Let m = 3008 - -5056. Suppose -14*n - 728 = -m. What are the prime factors of n?
2, 131
Suppose 28*l = 412 + 484. Suppose -l*h = -17*h - 16335. List the prime factors of h.
3, 11
Suppose -10 = -5*j, -h + 10*j - 9*j + 16 = 0. What are the prime factors of 12/h - (-1114)/3?
2, 3, 31
Suppose 282 = o - 3*o. Let i = 214 + -253. Let x = i - o. What are the prime factors of x?
2, 3, 17
Suppose -49*t - 165 = -54*t. List the prime factors of (-1)/(t/6) + (-10101)/(-77).
131
Let h = 61152 + -34441. List the prime factors of h.
26711
Suppose -n - 6 - 15 = 0. Let u = 51 + n. What are the prime factors of u?
2, 3, 5
Let n = -3080 + 3738. What are the prime factors of n?
2, 7, 47
Let h be (-24)/(-36)*(-687 + (-2 - -5)). Let x = -219 - h. What are the prime factors of x?
3, 79
Suppose 111*t + 1200 = 106*t. What are the prime factors of (6 - t/(-42)) + 14883/21?
709
Let q(j) = -9*j + 52. Let x be q(-34). Suppose -365*h + x*h + 7287 = 0. What are the prime factors of h?
3, 347
Let u = -211 + 214. Suppose 11 = 5*n - 59. Let p = n + u. List the prime factors of p.
17
Let l(c) = -200*c**3 - 6*c**2 + 201*c**3 + 5 + c**2. Let i be l(5). Suppose -i*p + 3*n = 2*n - 458, p - 94 = -n. List the prime factors of p.
2, 23
Let t(w) = 15*w**2 + 112*w + 8. List the prime factors of t(15).
61, 83
Let h(v) be the first derivative of 11*v**3/3 + v**2 - 29. Let t be h(-2). List the prime factors of (2580/t)/(3/2).
43
Let u(w) = 6*w**2 + 2*w. Let o be u(-1). What are the prime factors of (-2)/2 + 441 + o/2?
2, 13, 17
Let z = -39 + 75. Suppose 51*t - 53*t = -z. Let n = 80 - t. List the prime factors of n.
2, 31
Let f = 5394 - 2059. List the prime factors of f.
5, 23, 29
List the prime factors of -98 + 108 - (-1 - 460).
3, 157
Suppose z = -38 - 9. Let g = 16 - z. Let t = g - -8. What are the prime factors of t?
71
Let x = -329 - -939. Let d(s) = s**3 - 4*s**2 - 4*s - 6. Let q be d(5). What are the prime factors of (q - x/(-6)) + 2/(-3)?
2, 5
Let k(i) = 4*i**3 - 99*i**2 - 3*i**3 + 103*i**2 + 3*i + 2 - 1. Let s(d) = -d**3 - 2*d**2 + 2*d + 2. Let z be s(-2). List the prime factors of k(z).
3
Let d = 281 - 275. Suppose d*h - 5507 = -1613. What are the prime factors of h?
11, 59
Suppose -4*h = w + 11, 2*w - 4*h - h - 30 = 0. Let x(o) = -11*o - 73. Let q be x(-12). Suppose -w*d + 379 = q. List the prime factors of d.
2
Suppose 12*j = -1335 + 5787. Suppose 2803 - j = 8*m. What are the prime factors of m?
2, 19
Let r = -138 - -855. Let v = 1744 - r. What are the prime factors of v?
13, 79
Suppose 5*n - 10844 = -24. Suppose 2*x + 3*b = 5*b + 1094, 0 = -4*x - 2*b + n. What are the prime factors of x?
3, 181
List the prime factors of (1/(-2*5/336955))/(11/(-22)).
67391
Let q(c) be the first derivative of c**3/3 - 71*c + 7. What are the prime factors of q(16)?
5, 37
Suppose -81*b + 585590 + 464332 = 0. What are the prime factors of b?
2